?
False
Is 61849 composite?
True
Is 436261 a prime number?
False
Is 2122 prime?
False
Is 16301 a prime number?
True
Is 46663 composite?
False
Is 151883 a prime number?
True
Is 41669 a composite number?
False
Is 62851 a prime number?
True
Is 138233 composite?
True
Is 3491 composite?
False
Is 20477 a prime number?
True
Is 28673 prime?
False
Is 122201 prime?
True
Is 2789 a prime number?
True
Is 166433 a prime number?
False
Is 127807 composite?
False
Is 388777 a prime number?
True
Is 7214 a composite number?
True
Is 65071 a prime number?
True
Is 150869 prime?
True
Is 2393 a composite number?
False
Is 2339 a composite number?
False
Is 1759709 a prime number?
False
Is 1502822 a composite number?
True
Is 156659 a prime number?
True
Is 47777 composite?
False
Is 3203 prime?
True
Is 8279 prime?
False
Is 256163 prime?
True
Is 701957 a composite number?
False
Is 77137 a composite number?
False
Is 438609 prime?
False
Is 16837 a prime number?
False
Is 433513 prime?
True
Is 7771 a composite number?
True
Is 2565335 a prime number?
False
Is 20087 prime?
False
Is 1030529 composite?
False
Is 309571 a prime number?
True
Is 10841 composite?
True
Is 59581 a prime number?
True
Is 27421 composite?
True
Is 11657 prime?
True
Is 487561 a prime number?
True
Is 110947 a composite number?
False
Is 191941 a composite number?
True
Is 17231 a composite number?
False
Is 307499 a composite number?
True
Is 28653 composite?
True
Is 12209 prime?
False
Is 16431 composite?
True
Is 18743 a prime number?
True
Is 3671 a composite number?
False
Is 401903 a prime number?
True
Is 271549 a composite number?
False
Is 13291 prime?
True
Is 739331 a composite number?
False
Is 32479 a composite number?
False
Is 11599 prime?
False
Is 523561 a prime number?
False
Is 91 composite?
True
Is 10279 a prime number?
False
Is 16661 a composite number?
False
Is 10559 prime?
True
Is 127951 prime?
True
Is 452321 a prime number?
False
Is 47557 prime?
False
Is 114151 prime?
False
Is 86 composite?
True
Is 5669 a composite number?
False
Is 10909 composite?
False
Is 1344931 composite?
True
Is 56519 composite?
False
Is 2941 prime?
False
Is 21269 composite?
False
Is 3989 a prime number?
True
Is 152123 a prime number?
True
Is 969743 a composite number?
False
Is 33403 a composite number?
False
Is 65279 a composite number?
True
Is 238877 a composite number?
False
Is 12563 a prime number?
False
Is 110027 a prime number?
False
Is 3433 a composite number?
False
Is 188753 prime?
True
Is 16273 a prime number?
True
Is 3994 composite?
True
Is 31687 a prime number?
True
Is 727999 composite?
True
Is 74523 a prime number?
False
Is 3274681 a composite number?
False
Is 80209 a prime number?
True
Is 34967 composite?
True
Is 46261 a prime number?
True
Is 26935 a prime number?
False
Is 10743 a composite number?
True
Is 19597 a composite number?
False
Is 6073 a prime number?
True
Is 6274 a prime number?
False
Is 42533 a composite number?
False
Is 349381 composite?
False
Is 1768258 composite?
True
Is 473 a composite number?
True
Is 18227 prime?
False
Is 238387 a composite number?
True
Is 511373 prime?
False
Is 1711 prime?
False
Is 228581 prime?
True
Is 5461 a composite number?
True
Is 9901 a prime number?
True
Is 18607 a composite number?
True
Is 11558 prime?
False
Is 5773 composite?
True
Is 793853 prime?
True
Is 3041 a composite number?
False
Is 577469 composite?
True
Is 44306 a composite number?
True
Is 2012137 prime?
False
Is 34939 a composite number?
False
Is 69503 a prime number?
False
Is 80165 a prime number?
False
Is 15577 a prime number?
False
Is 9287 composite?
True
Is 7319 prime?
False
Is 29626 a prime number?
False
Is 127399 prime?
True
Is 37435 composite?
True
Is 86813 prime?
True
Is 1907143 a composite number?
True
Is 18787 a prime number?
True
Is 53183 a prime number?
False
Is 21281 a prime number?
False
Is 143387 prime?
True
Is 22373 a prime number?
False
Is 13327 prime?
True
Is 453617 prime?
True
Is 96373 composite?
True
Is 328699 prime?
False
Is 8185 a prime number?
False
Is 37255 prime?
False
Is 496127 prime?
True
Is 113591 a prime number?
True
Is 8818 a composite number?
True
Is 39335 composite?
True
Is 1734359 a composite number?
True
Is 420221 prime?
True
Is 281621 a prime number?
True
Is 3343 prime?
True
Is 8187 composite?
True
Is 233383 prime?
False
Is 64793 prime?
True
Is 264827 a prime number?
True
Is 10529 a composite number?
False
Is 101201 a composite number?
True
Is 60209 a composite number?
False
Is 22343 a composite number?
False
Is 3337 prime?
False
Is 31587 prime?
False
Is 27043 prime?
True
Is 4111 a prime number?
True
Is 10739 a composite number?
False
Is 303941 a prime number?
False
Is 369877 a prime number?
True
Is 93761 composite?
False
Is 39583 composite?
True
Is 11303 prime?
False
Is 91283 a composite number?
False
Is 15229 prime?
False
Is 760261 prime?
True
Is 317771 a prime number?
True
Is 62749 a composite number?
True
Is 909019 prime?
True
Is 4078 a composite number?
True
Is 717 prime?
False
Is 84499 a prime number?
True
Is 1900507 a prime number?
False
Is 191 composite?
False
Is 45283 a composite number?
True
Is 4317 a composite number?
True
Is 156027 a prime number?
False
Is 470585 a composite number?
True
Is 35023 composite?
False
Is 10057 prime?
False
Is 16993 composite?
False
Is 1015705 a composite number?
True
Is 8531821 a prime number?
True
Is 149173 prime?
True
Is 10651 a prime number?
True
Is 9901 composite?
False
Is 5923 a composite number?
False
Is 10133 a composite number?
False
Is 1023871 prime?
True
Is 7563 a prime number?
False
Is 842546 a composite number?
True
Is 177491 composite?
True
Is 9818 prime?
False
Is 12323 composite?
False
Is 31963 prime?
True
Is 39014 prime?
False
Is 69539 a prime number?
True
Is 5585 a composite number?
True
Is 68711 prime?
True
Is 6227 a composite number?
True
Is 118127 a composite number?
False
Is 153869 a prime number?
False
Is 303749 a prime number?
True
Is 7249 prime?
False
Is 299 prime?
False
Is 130443 composite?
True
Is 41867 a prime number?
False
Is 2761 prime?
False
Is 2200603 prime?
True
Is 1889 prime?
True
Is 18647 prime?
False
Is 1969 prime?
False
Is 551179 composite?
False
Is 11729 a prime number?
False
Is 385793 composite?
False
Is 114967 a prime number?
True
Is 21139 prime?
True
Is 10195 a prime number?
False
Is 6521 a prime number?
True
Is 4321 composite?
True
Is 13451 prime?
True
Is 191195 a prime number?
False
Is 100043 a prime number?
True
Is 1283 a prime number?
True
Is 622561 a composite number?
False
Is 295597 a prime number?
False
Is 85798 composite?
True
Is 2674487 prime?
True
Is 35759 a composite number?
False
Is 584845 a composite number?
True
Is 145 prime?
False
Is 1125821 a composite number?
True
Is 2609 a prime number?
True
Is 50417 a prime number?
True
Is 18331 a composite number?
True
Is 131791 composite?
True
Is 108343 a composite number?
False
Is 36349 a prime number?
False
Is 1373 prime?
True
Is 1931 a prime number?
True
Is 1985 composite?
True
Is 1871329 composite?
True
Is 11789 a composite number?
False
Is 27509 prime?
True
Is 108587 prime?
True
Is 1259 a prime number?
True
Is 38191 composite?
True
Is 2941 a prime number?
False
Is 190709 prime?
True
Is 12569 prime?
True
Is 71561 composite?
True
Is 83 composite?
False
Is 1341415 composite?
True
Is 8321 a prime number?
False
Is 30011 composite?
False
Is 1540399 prime?
False
Is 2999 a composite number?
False
Is 119159 prime?
True
Is 10765 composite?
True
Is 524345 composite?
True
Is 6803 a composite number?
False
Is 19031 a prime number?
True
Is 12941 a composite number?
False
Is 231373 a prime number?
False
Is 323333 a prime number?
True
Is 4889 a prime number?
True
Is 1523 a composite number?
False
Is 94421 a prime number?
True
Is 27647 a prime number?
True
Is 52489 prime?
True
Is 28643 prime?
True
Is 2219 a composite number?
True
Is 43163 prime?
False
Is 62329 composite?
True
Is 68071 prime?
True
Is 190301 prime?
True
Is 26221 a prime number?
False
Is 1283 a composite number?
False
Is 3449 composite?
False
Is 36481 composite?
True
Is 21849 composite?
True
Is 255599 prime?
False
Is 10709 a prime number?
True
Is 3347 prime?
True
Is 304939 composite?
True
Is 954939 a composite number?
True
Is 217457 prime?
True
Is 3151 prime?
False
Is 21467 a composite number?